{"id":2,"date":"2018-03-21T11:19:57","date_gmt":"2018-03-21T10:19:57","guid":{"rendered":"https:\/\/www.gareauxlibertins.com\/blog\/?page_id=2"},"modified":"2026-04-06T11:10:53","modified_gmt":"2026-04-06T09:10:53","slug":"vos-avis-et-temoignages","status":"publish","type":"page","link":"https:\/\/www.gareauxlibertins.com\/blog\/vos-avis-et-temoignages","title":{"rendered":"Vos Avis et T\u00e9moignages"},"content":{"rendered":"<p>Vous trouverez sur cette page les diff\u00e9rents t\u00e9moignages laiss\u00e9s par <a href=\"https:\/\/www.gareauxlibertins.com\/recherche.php\">nos membres<\/a>.<br \/>\nN&rsquo;h\u00e9sitez pas \u00e0 nous <a href=\"https:\/\/www.gareauxlibertins.com\/contact.php\">laisser votre avis<\/a> !<\/p>\n<blockquote><p><strong>05\/04\/2026<br \/>\n<\/strong><em>Inscrit depuis assez longtemps, je n&rsquo;ai pas fait beaucoup de rencontres, mais celles r\u00e9alis\u00e9es ont \u00e9t\u00e9 m\u00e9morables, avec un couple en particulier que je n&rsquo;oublierai jamais.<\/em><\/p>\n<p><strong>17\/11\/2022<br \/>\n<\/strong><em>Bonjour et merci. Nous avons rencontr\u00e9 un homme. Pour trio . Tr\u00e8s bon site. Seul petit b\u00e9mol. Beaucoup de sites sont gratuits pour les femmes et les couples ce qui n&rsquo;est pas le cas ici. Avant nous avions droit \u00e0 regarder les photos et depuis que j&rsquo;ai modifi\u00e9 l&rsquo;annonce nous n&rsquo;avons plus le droit c&rsquo;est tr\u00e8s dommage. Reste quand m\u00eame un tr\u00e8s joli site et agr\u00e9able et simple d&rsquo;utilisation<\/em><\/p><\/blockquote>\n<blockquote><p><strong>18\/05\/2022<br \/>\n<\/strong><em>Bonjour \u00e0 vous , je voulais vous remercier pour votre site je l&rsquo;aime beaucoup au top merci !<\/em><\/p><\/blockquote>\n<blockquote><p><strong>16\/04\/2022<br \/>\n<\/strong><em>Bonjour \u00e0 vous &#8211; Merci pour ce beau site &#8211; Nous avons et nous faisons de belles rencontres &#8211; Bien \u00e0 vous &#8211;<\/em><\/p><\/blockquote>\n<blockquote><p><strong>13\/02\/2022<br \/>\n<\/strong><em>Heureusement qu&rsquo;il y a par ailleurs quelques contacts sur ce site de gens qui ont respect et savoir-vivre. Merci \u00e0 votre \u00e9quipe de m&rsquo;avoir gard\u00e9 si longtemps pour vivre une exp\u00e9rience ici !<\/em><\/p><\/blockquote>\n<blockquote><p><strong>12\/03\/2021<\/strong><br \/>\n<em>Site excellent et complet \u00e0 conseiller aux amis libertins &#8211;de plus gratuit ( \u00e7\u00e0 change !) F\u00e9licitations !<\/em><\/p><\/blockquote>\n<blockquote><p><strong>09\/05\/2020<\/strong><br \/>\n<em>J&rsquo;ai vraiment trouv\u00e9 la personne qui me compl\u00e8te c&rsquo;est merveilleux et en moins de trois jours merci au site !<\/em><\/p><\/blockquote>\n<blockquote><p><strong>22\/12\/2019<\/strong><br \/>\n<em>Nous nous sommes inscrit sur ce site en pensant qu il \u00e9tait comme beaucoup d autres mais franchement ,agr\u00e9ablement surpris,nous avons fait de belles connaissances et avons rencontr\u00e9 un super partenaire. c est le top ce site! longue vie \u00e0 lui. merci pour votre super travail !<\/em><\/p><\/blockquote>\n<blockquote><p><strong>05\/11\/2019<\/strong><br \/>\n<em>Nous avons trouv\u00e9 2 partenaires pour une premi\u00e8re soir\u00e9e de candaulisme tr\u00e8s r\u00e9ussie pour tous (mon mari, nos deux complices et moi) &#8230; qui devrait en appeler d autres, toujours tous les 4. Et qui sait peut-\u00eatre serons-nous de retour prochainement. Merci \u00e0 vous et bises \u00e0 tous. Joliette73<\/em><\/p><\/blockquote>\n<blockquote><p><strong>04\/10\/2019<\/strong><br \/>\n<em>Coucou. Juste pour vous dire que votre site est g\u00e9nial. Juste deux petites suggestions : la premi\u00e8re, c&rsquo;est que vous devriez \u00eatre plus permissifs sur les photos de profil, vous nous avez refus\u00e9 la notre pour \u00ab\u00a0nudit\u00e9\u00a0\u00bb alors que certaines d&rsquo;autres membres sont carr\u00e9ment coquin !!! La seconde, vous devriez songer \u00e0 une application Android et Ios, m\u00eame payante, je suis s\u00fbr que ce serait cool !!! <\/em><em>Sinon, merci pour ce super site !!<\/em><br \/>\n<em>Bizzzz<\/em><\/p><\/blockquote>\n<blockquote><p><strong>05\/09\/2019<\/strong><br \/>\n<em>Ce site est tr\u00e8s sympa, facile d&rsquo;utilisation et offre en effet beaucoup de profils&#8230; Tous les d\u00e9sirs coquins sont possibles . Quelques faux couples, mecs seuls mythos mais le site est tr\u00e8s r\u00e9actif d\u00e8s signalement.. Petit b\u00e9mol venant des abonn\u00e9s, lorsqu&rsquo;ils sont h\u00e9sitants ou versatiles, disparaissent puis r\u00e9apparaissent, pas facile \u00e0 suivre&#8230;<\/em><\/p><\/blockquote>\n<blockquote><p><strong>18\/08\/2019<\/strong><br \/>\n<em>Merci \u00e0 vous , enfin un site o\u00f9 nous pouvons rencontrer des hommes sans aller au sains ni en club , cela se passe dans notre cocon et nous en sommes ravis , nous appr\u00e9cions la qualit\u00e9 des personnes rencontr\u00e9es et pour l\u2019instant ( + de 20 rencontres ) nous n\u2019avons rencontr\u00e9 que des hommes et des couples de qualit\u00e9. Merci et continuer comme \u00e7a , nous les libertins appr\u00e9cions c petite intention qui font les grands plaisirs . Liberbises .<br \/>\n<\/em><\/p><\/blockquote>\n<blockquote><p><strong>14\/08\/2019<\/strong><br \/>\n<em>Bonjour madame, monsieur,<br \/>\nJe trouve votre site excellent et m&rsquo;a permis de faire beaucoup de rencontre libertine. Je trouve qu&rsquo;il manque un petit d\u00e9tails : Une page de reco ou de t\u00e9moignages.<br \/>\nJ&rsquo;ai \u00e9t\u00e9 avant sur d&rsquo;autre site libertin et on avait la possibilit\u00e9 d&rsquo;\u00e9crire une recommandation ou un t\u00e9moignages que la personne cibl\u00e9 pouvait ou non accept\u00e9 de rendre publique sur son profil.<br \/>\nJe trouve que cela serait une bonne id\u00e9e de rajout pour permettre de donner plus de cr\u00e9dit \u00e0 des profils \ud83d\ude42<br \/>\nVoil\u00e0 bonne journ\u00e9e \ud83d\ude42 <\/em><\/p>\n<ul>\n<li><strong>R\u00e9ponse Gare aux Libertins : \u00a0<\/strong><em>Bonjour, Merci d&rsquo;avoir pris le temps de nous laisser un t\u00e9moignage \ud83d\ude42 Bonne remarque, nous allons \u00e9tudier la question pour une prochaine mise \u00e0 jour. Bonne journ\u00e9e.<\/em><\/li>\n<\/ul>\n<\/blockquote>\n<blockquote><p><strong>12\/01\/2019<\/strong><br \/>\n<em>Bonjour, <\/em><em>Je d\u00e9couvre votre site gratuit et malgr\u00e9 quelques publicit\u00e9s bien compr\u00e9hensible, nous sommes pleinement satisfait de ce dernier&#8230;(d\u00e9j\u00e0 quelques contacts int\u00e9ressants)<\/em><br \/>\n<em>Nous vous souhaitons de belles longues ann\u00e9es d\u2019existences pour notre plus grand plaisir!<\/em><br \/>\n<em>Bien cordialement&#8230;<\/em><\/p><\/blockquote>\n<blockquote><p><strong>05\/01\/2019<\/strong><br \/>\n<em>Juste vous dire que je suis tr\u00e8s satisfait du site&#8230; je suis tr\u00e8s cam et j&rsquo;ai eu de nombreux bons moments&#8230; un peu de probl\u00e8me avec votre cam et souvent oblig\u00e9 d aller sur skype&#8230; seul petit reproche&#8230;<\/em><\/p><\/blockquote>\n<blockquote><p><strong>17\/12\/2018<\/strong><br \/>\n<em>Je confirme. C\u2019est vraiment un site tr\u00e8s bien fait. Une interface smartphone tr\u00e8s agr\u00e9able. Des profils suffisamment h\u00e9t\u00e9rog\u00e8nes pour trouver son bonheur avec son lot in\u00e9vitable de faux-profils. Ni plus ni moins qu\u2019ailleurs. C\u2019est gratuit et la pub est supportable. Je n\u2019ai jamais r\u00e9ussi \u00e0 lancer la webcam, mais c\u2019est peut \u00eatre mieux ainsi. Dommage de ne pouvoir mettre de photos de nu en priv\u00e9 ; mes coquines appr\u00e9cieraient. Merci pour le site.<\/em><\/p>\n<ul>\n<li><strong>R\u00e9ponse Gare aux Libertins : \u00a0<\/strong><em>Bonjour, Merci d&rsquo;avoir pris le temps de nous laisser un t\u00e9moignage \ud83d\ude42 Vous pouvez mettre des photos de nu en priv\u00e9 directement via votre compte dans la gestion de vos photos. Bonne journ\u00e9e.<\/em><\/li>\n<\/ul>\n<\/blockquote>\n<blockquote><p><strong>10\/12\/2018<br \/>\n<\/strong><em>Bonjour, votre site, est globalement bien fait , malheureusement je constate avec grand regret qu&rsquo;il y a beaucoup de Mytho , faux couples, faux profils , photos vol\u00e9es sur Internet sont l\u00e9gions et c&rsquo;est dommage car cela nui \u00e0 la bonne r\u00e9putation de votre site, mais je vous rassure ailleurs c&rsquo;est pareil. Encore f\u00e9licitations pour votre site Jean Pierre<\/em><\/p>\n<ul>\n<li><strong>R\u00e9ponse Gare aux Libertins :<\/strong><em> Bonjour, Merci \ud83d\ude42 Nous essayons de faire de notre mieux. Notre \u00e9quipe de mod\u00e9ration check les signalements pour faux profils tous les jours et nous bannissons syst\u00e9matiquement les comptes suspects. Notre site est gratuit donc la mod\u00e9ration est plus difficile car tous le monde peux s&rsquo;inscrire et minour sans payer&#8230;<\/em><em>Bonne journ\u00e9e.<\/em><\/li>\n<\/ul>\n<\/blockquote>\n<blockquote><p><strong>07\/12\/2018<\/strong><br \/>\n<em>C&rsquo;est un super site , franchement , changement de directive,\u00a0 je reviens sous peu !<br \/>\n<\/em><em>Bravo \u00e0 vous .<\/em><\/p><\/blockquote>\n<blockquote><p><strong>03\/11\/2018<\/strong><br \/>\n<em>Enfin \u00e9panouie<\/em><br \/>\n<em>J \u00e9tais une femme timide discr\u00e8te un peu effac\u00e9 ,mari\u00e9e depuis 17ans .il fallait que je trouve un autre souffle j ai toujours \u00e9t\u00e9 tr\u00e8s demandeuse.il n arrive plus \u00e0 me satisfaire la solution des rencontres coquines est venue naturellement mais la question. Est ce que je serais capable de me donner \u00e0 d autres ?<\/em><br \/>\n<em>Apr\u00e8s avoir h\u00e9sit\u00e9 un bon deux semaines je me suis lanc\u00e9e, une annonce et j attend de voir (comme \u00e0 la p\u00eache ).<\/em><br \/>\n<em>Premi\u00e8re message peu de temps apr\u00e8s je stress un peu de file en aiguille un rendez vous caf\u00e9 est fix\u00e9 puis la suite, j ai eu beaucoup de chance de voir hugh bel homme doux on s est vu plusieurs fois puis un autre&#8230; . Maintenant je ne compte plu les hommes que j ai vu mais pour certains je les revois, je vais aussi seule au sauna libertin.<\/em><br \/>\n<em>J ai chang\u00e9e, mieux qu un spy ou des m\u00e9docs. Le Sex il n y a rien de mieux pour se sentir bien.<\/em><br \/>\n<em>Enfin se sentir femme sortir la t\u00eate de l eau et voir le monde autrement. Etre \u00e9panouie, oser chercher le regard et le maintenir . Se sentir d\u00e9sirer y a rien de meilleure . <\/em><br \/>\n<em>Je ne reviendrais jamais \u00e0 ma vie d avant.<\/em><br \/>\n<em>J aime ma famille . Mais le Sex est une drogue douce et essentiel . De plus ou moins belle rencontres se font ,un homme est sorti du lot on est identique on se voit rarement heureusement car \u00e7a pourrait aller plus loin . <\/em><br \/>\n<em>J ai toujours autant de messages depuis Mars je suis \u00e0 plus 53000 messages sur le site . Juste un petit mots pour les hommes lisez bien le profil avant d envoyer un message . <\/em><br \/>\n<em>Bisous \u00e0 tous<\/em><\/p><\/blockquote>\n<blockquote><p><strong>28\/04\/2018<\/strong><br \/>\n<em>Bonjour<\/em><br \/>\n<em>Je prends un peu de temps pour vous dire tout le bien que j ai a utiliser le site il est g\u00e9nial j ai d\u00e9j\u00e0 rencontre un couple et en discussion avec deux autres en bonne voie juste un petit point quand j ai un message je re\u00e7ois un mail nickel mais il est indique sur ce mail mon identifiant et mot de passe et je trouve cela trop dangereux merci pour le site continuez !<\/em><\/p><\/blockquote>\n<blockquote><p><strong>09\/03\/2017<\/strong><br \/>\n<em>Bonjour je tenais tout simplement \u00e0 f\u00e9liciter cette initiative pour ce site Simple d&rsquo;utilisation, complet et surtout gratuit. Bravo \u00e0 ceux qui l&rsquo;on fait. Petit \u00e0 petit je suppose que la communaut\u00e9 va grandir, c&rsquo;est sur. Tr\u00e8s cordialement J\u00e9r\u00f4me<\/em><\/p><\/blockquote>\n<blockquote><p><strong>21\/20\/2016<\/strong><br \/>\n<em>J&rsquo;ai ador\u00e9 \u00eatre sur se site il y a plein de gens sympathique !<\/em><\/p><\/blockquote>\n<a href=\"https:\/\/www.gareauxlibertins.com\/contact.php\" class=\"sc-button sc-button-blue sc-button-medium\"><span>Ajouter un avis<\/span><\/a>\n","protected":false},"excerpt":{"rendered":"<p>Vous trouverez sur cette page les diff\u00e9rents t\u00e9moignages laiss\u00e9s par nos membres. N&rsquo;h\u00e9sitez pas \u00e0 nous laisser votre avis ! 05\/04\/2026 Inscrit depuis assez longtemps, je n&rsquo;ai pas fait beaucoup de rencontres, mais celles r\u00e9alis\u00e9es ont \u00e9t\u00e9 m\u00e9morables, avec un couple en particulier que je n&rsquo;oublierai jamais. 17\/11\/2022 Bonjour et merci. Nous avons rencontr\u00e9 un<\/p>\n","protected":false},"author":1,"featured_media":754,"parent":0,"menu_order":0,"comment_status":"closed","ping_status":"open","template":"","meta":{"footnotes":""},"class_list":["post-2","page","type-page","status-publish","has-post-thumbnail"],"_links":{"self":[{"href":"https:\/\/www.gareauxlibertins.com\/blog\/wp-json\/wp\/v2\/pages\/2","targetHints":{"allow":["GET"]}}],"collection":[{"href":"https:\/\/www.gareauxlibertins.com\/blog\/wp-json\/wp\/v2\/pages"}],"about":[{"href":"https:\/\/www.gareauxlibertins.com\/blog\/wp-json\/wp\/v2\/types\/page"}],"author":[{"embeddable":true,"href":"https:\/\/www.gareauxlibertins.com\/blog\/wp-json\/wp\/v2\/users\/1"}],"replies":[{"embeddable":true,"href":"https:\/\/www.gareauxlibertins.com\/blog\/wp-json\/wp\/v2\/comments?post=2"}],"version-history":[{"count":34,"href":"https:\/\/www.gareauxlibertins.com\/blog\/wp-json\/wp\/v2\/pages\/2\/revisions"}],"predecessor-version":[{"id":1306,"href":"https:\/\/www.gareauxlibertins.com\/blog\/wp-json\/wp\/v2\/pages\/2\/revisions\/1306"}],"wp:featuredmedia":[{"embeddable":true,"href":"https:\/\/www.gareauxlibertins.com\/blog\/wp-json\/wp\/v2\/media\/754"}],"wp:attachment":[{"href":"https:\/\/www.gareauxlibertins.com\/blog\/wp-json\/wp\/v2\/media?parent=2"}],"curies":[{"name":"wp","href":"https:\/\/api.w.org\/{rel}","templated":true}]}}